 Let c(s) = -7*s**3 + s**2 - 8*s + 17. Let v(i) = -5*c(i) - 6*p(i). Let u be v(6). Give f(u).
7
Let i(v) = v**2 - 6*v + 6. Let q be (21 - 16)/((-10)/(-12)). Determine i(q).
6
Suppose 28 = 2*y + 4. Let x be ((-4)/y)/((-1)/3). Let o(j) = -8*j + 1. Determine o(x).
-7
Let y(l) be the second derivative of -l**5/20 - l**4/4 - l**3/6 - l**2/2 - 6*l. Let t(o) = o**3 - 30*o**2 + 28*o + 26. Let i be t(29). Determine y(i).
2
Let p(v) = 33*v**2 + v - 2. Let n be p(1). Suppose -5*q + 32 - n = 0. Let r(x) be the second derivative of -x**3/6 + x**2/2 - x. Give r(q).
1
Let d(m) = m**3 + 5*m**2 + 5*m + 2. Let x be d(-4). Let n(z) = 0 - 8 - 6*z + 5 + 3*z. Give n(x).
3
Suppose 43*f + 23*f = -528. Let n(w) be the second derivative of -w**4/12 - 7*w**3/6 - 3*w**2 + w. Give n(f).
-14
Let w(k) = -k + 1. Let a be w(-3). Suppose -2*b + a*z - 1 = 3*z, b + 3*z - 10 = 0. Let u be (0/b)/(6 - 5). Let t(d) = d**2 + d + 1. What is t(u)?
1
Let u(n) = -24*n**2 + 8*n + 153. Let x(a) = 8*a**2 - 3*a - 51. Let v(r) = -3*u(r) - 8*x(r). Let g(d) be the first derivative of v(d). Give g(-1).
-16
Let o(v) = -v + 10. Suppose 11*u = 9*u. Suppose 3*y + 6 = -3*s - u, 20 = -4*s + 2*y. Let t be 2 + s + 36/4. Determine o(t).
3
Let d(v) = 1. Let n(k) be the first derivative of k**2/2 + k - 1. Suppose -2*i + 15 = 3*i - b, -2*b = 5*i. Let r(p) = i*n(p) + d(p). Calculate r(-2).
-1
Suppose 3*b - 4*w = 5*b + 30, 3*w = 5*b + 23. Let k(j) be the second derivative of -j**5/20 - 7*j**4/12 + j**3/6 - 2*j**2 + j. Calculate k(b).
-11
Let o(t) = t - 5. Let h = -16 - -23. Let a be o(h). Suppose -a*f - f = 18. Let y(d) = d**2 + 7*d + 1. What is y(f)?
-5
Let y(b) = -348 + 10*b + 180 - 3*b + 170. Determine y(-3).
-19
Let z(u) be the third derivative of -u**5/60 - 35*u**3/6 - 116*u**2. Give z(0).
-35
Let o = -11 - -3. Let x(l) = -17*l + 14. Let s(y) = -11*y + 9. Let r(v) = o*s(v) + 5*x(v). Give r(4).
10
Let i(t) = t**2 + 2*t + 3. Let h(o) = -7*o**2 - 7*o - 20. Let j(r) = h(r) + 6*i(r). Let u(m) = m - 2. Let v be u(5). Calculate j(v).
4
Let h(u) = -19 - 19*u - 7593*u**2 + 3798*u**2 + 3796*u**2. Determine h(20).
1
Let b = 59 - 63. Let a(g) = -g + 3. Let j(s) = -2*s + 5. Let r(l) = 7*a(l) - 4*j(l). What is r(b)?
-3
Let v(o) = -98 - 3*o**2 + 26 + 5*o + 4*o**2 + 42 + 24. Suppose -3*n = -1 + 22. Determine v(n).
8
Let a(d) = -d**3 - 11*d**2 + 11*d - 17. Let z = 31 + -43. Let l be a(z). Let b(j) = -j**2 - 7*j - 7. Determine b(l).
3
Suppose -5*a + 0*a - 50 = 0. Let g(i) be the first derivative of i**3/3 + 11*i**2/2 + 12*i + 418. Calculate g(a).
2
Let o(q) be the first derivative of -q**2/2 - 4*q - 2. Let z = -103 - -109. Calculate o(z).
-10
Suppose 2*o - 1 = -11, -2*u - 5*o - 15 = 0. Let a(k) be the second derivative of 3/2*k**2 - 1/2*k**3 - 5*k - 1/20*k**u + 0 + 1/3*k**4. Determine a(4).
-9
Let x(a) = a - 5. Let q(r) = -10*r**3 - r**2 + r + 1. Let d be q(-1). Give x(d).
4
Let o(m) = -13 - 3*m**3 - 9*m + 2*m**3 + 4308*m**2 - 4297*m**2. What is o(10)?
-3
Let t(j) be the third derivative of j**5/30 - 7*j**4/24 + j**3 - j**2. Let d be ((-64)/288 - 1/9)*-12. Determine t(d).
10
Let s(g) be the third derivative of g**6/120 + 7*g**5/60 + g**4/3 + 2*g**3/3 + 48*g**2 + 57. Let w(r) = -7*r + 1. Let i be w(1). What is s(i)?
-8
Let t(o) = 3*o**3 - 17*o**2 - 2*o + 9. Let n be (2 - 3)/(((-2)/6)/(-1)). Let a(y) = -2*y**3 + 9*y**2 + y - 5. Let w(v) = n*t(v) - 5*a(v). Calculate w(-6).
-8
Suppose -35 = -0*n + 5*n. Let a = -12 - n. Let h(z) be the second derivative of -z**4/12 - z**3/2 + 5*z**2/2 - 3*z. Determine h(a).
-5
Let k(q) = -4*q + 7 - 4*q + 20*q - 9*q. Suppose -3*l + 6 = -3*n, 2*l + 6 = -5*n - 25. What is k(n)?
-8
Let n(w) = 9 + 0 - 2*w - 8 - 2*w**2 + 0. Give n(-2).
-3
Let q(l) = -l**3 + 14*l**2 + 5*l. Let m be q(14). Let d(a) = -m*a**2 + 3 - 7*a + 69*a**2 - 2 - 6. Let t = 6 + -11. Calculate d(t).
5
Let w(f) be the third derivative of -2/3*f**3 + 0*f - 1/60*f**5 - 3*f**2 + 0 - 1/4*f**4. Let p(l) be the first derivative of w(l). Give p(-5).
4
Let g(h) be the third derivative of -h**6/720 - h**5/24 - 13*h**4/8 - 5*h**2. Let t(x) be the second derivative of g(x). What is t(-8)?
3
Let s = -6/23 + 41/69. Let r(y) be the first derivative of 1/4*y**4 + 3/2*y**2 + 4 + 2*y + s*y**3. Calculate r(-2).
-8
Let o(p) = 664*p**2 + 666*p**2 - 1331*p**2 - 7*p - 1. Determine o(-5).
9
Let f(i) = -i**3 + 10*i**2 + 24*i + 6. Let c be f(12). Let y(q) = 6*q + 2. Calculate y(c).
38
Let w(k) = -k**2 + 7*k - 10. Let a be w(4). Let p(h) = 2*h - h - 46 - a*h**2 + 4*h + 43. Calculate p(3).
-6
Let a be 10/(-120)*(1 + -3). Let j(o) be the third derivative of -3*o**2 + 0*o + 0 + a*o**4 - 7/6*o**3. Give j(5).
13
Suppose -h = 3*f - 11, 34 = 5*f - 2*h + 12. Let j(g) = -g**3 + 3*g**2 - 4. Give j(f).
-20
Suppose 12*g - 64 = -4*g. Suppose g = 4*i - 4*a, -5 = -5*i - 6*a + a. Let v(n) = -3*n**2 - n. What is v(i)?
-4
Let f(l) = l**3 + 3812*l**2 + 5 + 2*l - 3812*l**2. Calculate f(0).
5
Let l(v) be the first derivative of -v**3/3 + v**2/2 - 5*v - 133. Calculate l(5).
-25
Let d(b) = -b + 5. Let a(v) = 4*v - 23. Let g(y) = -a(y) - 5*d(y). What is g(0)?
-2
Suppose -5*k = 108 + 167. Let b = -53 - k. Let y(j) = -2*j. Calculate y(b).
-4
Let j(d) = 18 + 15 - 12*d - 31. Let x(t) = t + 1. Let r(l) = j(l) - 3*x(l). Give r(1).
-16
Suppose 0 = 4*v + 12, 3*v = -4*o + 2*v + 9. Let q(b) = 5*b**3 - b**2 + 8*b. Let n(f) = 2*f**3 - f**2 + 4*f. Let k(c) = o*q(c) - 7*n(c). What is k(-4)?
16
Let u(k) be the third derivative of 0*k - 2/3*k**3 - 1/60*k**5 + 1/6*k**4 + 0 - 27*k**2. Determine u(3).
-1
Let u(q) = -q**2 - 6*q - 5. Let y(z) = z + 2. Let v = -5 + 0. Let m be y(v). Let w be u(m). Let i(h) = h**2 - 4*h + 3. Calculate i(w).
3
Suppose 0 = -5*s + 40 + 20. Suppose 2*v = 2*d - 8, d - s = -2*v - d. Let a(w) = 5*w**2 - w + 1. Let k be a(v). Let p(b) = -b - 3. Give p(k).
-8
Suppose -8 = -3*n + q, -3*n - 8*q + 13*q = -16. Let f(x) = 1 + x - x - x**2 + x. Calculate f(n).
-1
Let m(v) be the first derivative of 1 - 1/2*v**2 - 4/3*v**3 + 0*v. Let t be m(-1). Let p(h) = h**2 + 5*h + 3. What is p(t)?
-3
Let t(s) = 2*s**2. Let p(q) = 3*q - 2. Let x be 1*-2 - (-13 - -8). Suppose 5*b - 24 = -4*z, 3*z + x*b = -2*z + 17. Let j be p(z). Calculate t(j).
2
Let o(z) = -z**2 + 6*z - 7. Suppose -d - 3*d = -16. Let q be o(d). Let c(k) = 5*k + 5*k - 5*k. Calculate c(q).
5
Let p(q) be the second derivative of q**3/6 - 7*q**2/2 - 3*q. Let i = 5 + -3. Suppose -6 = -2*t, k + 2*t - 6 = i*k. What is p(k)?
-7
Let w(t) be the third derivative of 1/2*t**3 - 1/24*t**4 - 2*t**2 + 0*t + 0 - 1/60*t**5. Determine w(-3).
-3
Let l be (-65)/(-91) - (-2)/7. Let t(n) be the first derivative of n**2 + n + 0*n**3 - l - 3/2*n**4. What is t(-1)?
5
Let m(q) = -q**3 - q**2 - q + 11. Let s(r) = r + 18. Let x be s(-17). Suppose -t + 7 = -5*y, 0*y - 3*y - 11 = -4*t. Let a = x + y. Calculate m(a).
11
Let k(z) = -6*z - 56. Let q be k(-9). Let t(v) = -5*v**3 - 3*v**2 + 2. What is t(q)?
30
Let f(b) = -b**3 + 23*b**2 + 18*b + 4. Let o(i) = -i**2 + i - 1. Let k(u) = -f(u) - 3*o(u). Calculate k(21).
-1
Let c(q) = q**3 + 15*q**2 + 14*q + 2. Let y be c(-14). Let g(d) = -2 + 0 + 7 - 2 + 8*d + d**y. What is g(-7)?
-4
Let u(c) = -72*c + 22. Let h(d) = 26*d - 7. Let f(l) = 11*h(l) + 4*u(l). Suppose 4*q + i - 3 = 25, -i + 36 = 5*q. What is f(q)?
-5
Suppose -232*h = -231*h + 3. Let y(b) = -3*b - 2. Determine y(h).
7
Suppose 2*t - 5*c + 4 = -2*c, -c = -5*t - 10. Suppose 0*i = -2*i. Let m(w) = 1 + 1 + i - 3*w**2 - w. What is m(t)?
-8
Let n(k) be the first derivative of 2 - 1/3*k**3 + 0*k + 2*k**2. Let h be n(3). Let q(x) = -x**2 + 6*x - 1. Calculate q(h).
8
Let c(o) = 3*o**2 - 3*o + 2. Let k be c(1). Let g(w) = 5*w + 8*w**2 - 21*w**k + 11*w**2 - 5. Calculate g(4).
-17
Suppose 4*j = 8 - 0. Let g(u) = -u**3 + j*u + 4 - u + u - 2*u**2. What is g(-3)?
7
Let p(g) = g + 1. Let y(w) = -w**2 - 2*w - 3. Let l(t) = -2*p(t) - y(t). Suppose 0 = 91*o - 64*o. What is l(o)?
1
Suppose 12*a - 904 = -832. Let r(m) = -m + 10. Calculate r(a).
4
Let j(q) = -q - 7. Suppose 4*c = -3*x - 8 - 23, -4*c = -2*x + 26. Give j(c).
0
Let r(n) = 2*n + 12. Let h(z) = -z - 10. Let j(k) = -7*h(k) - 6*r(k). Give j(5).
-27
Let m(j) = j - 2. Let u(d) = d**2 - 2*d - 2. Let f be 0 - (2 - 5 - 1). Suppose -f*n + 3*n = -4. Let v be u(n). Give m(v).
4
Let n be (-4)/14 - (-164)/(-14). Let j be n/(-